*h(y) - 6*k(y). Calculate u(-1).
1
Suppose 3*v - v = 3*f - 11, -5*v - 11 = -2*f. Let j(y) = -6*y**3 + 2*y**f + 1 - 3*y**2 + 2*y**3 + y**3. Calculate j(-2).
-3
Let n = 41 - 20. Suppose 4*o + 12 = q, 2*o + 3*q - 1 = -n. Let f(w) = w + 1. Give f(o).
-3
Let z(h) = h - 1. Let m(a) = -6*a + 3. Let g(t) = m(t) + 5*z(t). What is g(-1)?
-1
Let v(u) = -11*u**2 - 2*u - 1. Suppose 2*h = -2*a - 4 - 2, -4*h - 11 = 3*a. Give v(a).
-10
Let f(h) = 2 - 29*h**2 + 4*h + 14*h**2 + 0 + 16*h**2. Give f(-3).
-1
Let b be 7/2*(-4)/(-7). Let u be (b - 3)*-1*-1. Let p be 0/(u/(-2)*4). Let q(y) = y**2 + y - 5. Determine q(p).
-5
Suppose 4*t - 2*t = 22. Suppose -3*g + 0*x = x - t, -4*g + 5*x - 17 = 0. Let a(u) = -2*u**2 + 2*u - 1. What is a(g)?
-5
Let l(h) = -5*h - 8. Let z(q) = -6*q - 9. Let u(m) = 4*l(m) - 3*z(m). Calculate u(4).
-13
Let t(f) = f - 1. Let q(p) = 5*p. Let o(k) = q(k) - 3*t(k). Suppose d - 1 = 2*g, -3*g - 7 = -d + 2*g. Give o(d).
-3
Let j(w) be the third derivative of w**6/120 + w**3/6 - 7*w**2. Give j(-2).
-7
Let i(o) = 10*o**3 + o**2 + o + 1. Let f(j) = -j + 13. Let d = 19 + -10. Let u be f(d). Suppose -3*k + 2*x + 3 = 0, -k + u*x + 6 = -5. What is i(k)?
-9
Let v(d) = 2*d**3 - 3*d**2 + d - 2. Suppose -4*w = -j + 12, -11 = 3*w - 2. Let k = 2 + j. Determine v(k).
4
Let g(h) = h**2 - 5*h + 6. Let y be g(6). Let m be 3/y - 34/8. Let s(o) = o**3 + 5*o**2 + 3*o. Give s(m).
4
Let v(c) be the first derivative of c**3/3 + 7*c**2/2 + 3*c + 6. Give v(-7).
3
Let f(c) = -c**2 + c - 7. Suppose -2*m + g + 17 = 0, 5*m + 13 = -2*g + 33. Suppose m = 5*j - 14. Let y = j + -4. What is f(y)?
-7
Let f(q) = q**2 + 2*q - 1. Suppose -i = 2*d - 2, -4*d = -5*d + 3. Determine f(i).
7
Suppose 27 = h - 5*l, -6*h + h = 5*l + 15. Let x(d) = 0 - h - 3*d + 4 + d. Give x(2).
-2
Let g(z) = 4*z. Let k(b) = 5*b**2 + 9*b - 4*b - 2*b + b**3. Let h be k(-4). Suppose -3*r = -h - 2. What is g(r)?
8
Let r(u) = -3*u**2 - u + 1. Let c(s) = -s**2 + 6*s - 3. Let h be c(4). Suppose h*b - 4 = 1. Determine r(b).
-3
Let n(j) = 0*j + 2 - 3*j + 5*j. Let p = -11 - -10. Let i(y) = -y - 1. Let h(c) = p*i(c) - n(c). Give h(-2).
1
Let h be (-9)/(-6)*(-4)/3. Let r(n) be the second derivative of -n**4/6 - n**3/3 + n**2/2 - 11*n. Determine r(h).
-3
Let d(n) = -3*n + 7. Let r(s) = -13*s + 29. Let l(f) = 13*f - 29. Let m(w) = -7*l(w) - 6*r(w). Let u(i) = 9*d(i) - 2*m(i). Suppose -2*c + 5*c = 0. Give u(c).
5
Let s(b) = -12*b. Let w(f) = -2*f. Let o(n) = -2*s(n) + 11*w(n). Let v = 3 + 0. Let h be o(v). Let x(m) = m - 4. Determine x(h).
2
Let k(t) = -3*t + 8. Let y(g) = 2*g - 4. Let h(w) = -3*k(w) - 5*y(w). Let c(b) = b**2 - 11*b - 5. Let i be c(10). Let l be (4/(-5))/((-3)/i). Determine h(l).
0
Suppose -m + 1 - 2 = g, g + 3*m + 9 = 0. Let j(k) = 3 + 3*k - g + 1. Calculate j(-4).
-11
Let p(y) = -y + 11 + 10 - 9. Let a be p(8). Let n(t) = -t**2 + 6*t. Give n(a).
8
Suppose -5*y - 13 = 5*p + 2, 33 = -3*y + 3*p. Let o(a) = -a**3 - 7*a**2 - 2*a - 6. Give o(y).
8
Let t(k) = k. Let o = 12 + -18. What is t(o)?
-6
Let y(u) = -u**3 - 2*u**2 - 2*u. Let l be y(-2). Suppose 5*c + 0*c = -l*i - 8, 0 = -4*i + 5*c - 8. Let w be -1*1*1*i. Let p(z) = -4*z + 3. What is p(w)?
-5
Let a(o) = -o**3 + 5*o**2 - 4*o - 3. Let c(k) = -2*k - 6. Let j be c(-5). Let u be a(j). Let h(z) = z**2 + 3*z + 1. Calculate h(u).
1
Let t(u) = u**2 - 4*u - 4. Let v be (-32)/(-20)*(-2 - 3). Let i(q) = -q**2 - 8*q + 6. Let n be i(v). What is t(n)?
8
Let r(d) be the second derivative of d**3/6 - 19*d**2/2 - 5*d. Calculate r(10).
-9
Let b(z) = 4*z**3 - z - 1. Let c = -4 - 0. Let i be (c/(-6))/(12/(-18)). What is b(i)?
-4
Let b(q) = q**3 - 5*q**2 - 7*q. Suppose 0*j + 2 = j, 4*p - 3*j - 346 = 0. Let f be (-2)/(-4) - p/(-16). What is b(f)?
-6
Let s(q) = q**2 + 5*q - 6. Suppose w + 1 = 2*c + 3, 0 = -5*w + 5*c - 10. Determine s(w).
0
Let q = 1 + 2. Suppose 0 = -4*b - 5 - q. Let f(s) = 2*s**2 - 2*s - 2. Calculate f(b).
10
Suppose 2*y + 6 = 3*j - 4, -3*j = 0. Let w(m) be the first derivative of -1 - 1/3*m**3 - 2*m**2 - 3*m. Give w(y).
-8
Let g(w) be the second derivative of 1/2*w**3 + 1/2*w**2 + 1/12*w**4 - 3*w + 0. What is g(-4)?
5
Let f(o) = -2*o + 11. Let g(a) = -5 - 1 + a - 4. Let d(w) = -w**3 + 12*w**2 + 3. Let j be d(12). Let z(l) = j*g(l) + 2*f(l). Give z(0).
-8
Let u(v) be the second derivative of -v**8/672 - v**7/2520 + v**5/120 + v**4/2 - 4*v. Let r(y) be the third derivative of u(y). What is r(-1)?
10
Let p(u) = u. Let i be p(2). Suppose -i*y + 12 = 2*y. Let t(b) = -b - 1. Give t(y).
-4
Suppose v + 8 = -v. Let y be 17/5 + v/10. Let m(x) = 3 - 2*x**2 + 5*x**2 + 0*x**2 + x**2 - x**y. Give m(4).
3
Let x(f) = -f + 2. Suppose -5 = -5*a - 5*s - 0, 6 = -4*a - 2*s. Give x(a).
6
Let r be (-1*2/(-1))/(-2). Let a(w) = -13*w**2 + 5*w - 11. Let q(b) = -6*b**2 + 2*b - 5. Let t = -5 + -4. Let f(s) = t*q(s) + 4*a(s). What is f(r)?
1
Let b(k) = 13 + 5*k + 3*k**2 - 5*k**2 - 11*k - 14. Determine b(-4).
-9
Let d(p) = p - 1. Let j = 5 + 4. Suppose -z = z - 4. Suppose -t = -z*f - j, -t - 4*t = -2*f - 5. What is d(f)?
-6
Let n = 2 - 5. Let u(h) = -h**3 - 4*h**2 - 2*h + 1. Give u(n).
-2
Let r = 3 + -3. Suppose -3*d - d = r. Let y(p) = -p**3 - p**2 + p + 1. Calculate y(d).
1
Let g(f) = f**2 + 1. Let a = -15 - -13. Determine g(a).
5
Let c(s) = -s**3 + 2*s**2 - 2. Let l(r) = r**3 + 33*r**2 - 27*r**2 + 0*r - 9 - 4*r. Let d be l(-6). Suppose d = -0*b + 5*b. Give c(b).
-11
Let j(t) = t**3 - 7*t**2 + 3*t + 13. Let k be j(6). Let z(u) = 2*u**2 + 7*u + 1. What is z(k)?
16
Let p(o) be the first derivative of -3*o**2 - 3*o - 1 - 1/3*o**3. Suppose 0 - 4 = b. Give p(b).
5
Let h(m) be the third derivative of m**4/24 - m**3/6 + 4*m**2. Let x be h(0). Let z(u) = 7*u**3 + u**2. Give z(x).
-6
Suppose 2*y + 2*y - 2*h + 12 = 0, -2*y = 5*h + 6. Let d(w) = -3*w - 3. Determine d(y).
6
Let f(g) = -5*g - 4. Suppose -5 = o + c - 0*c, 5*o - c = -25. Let n be (-5)/(-25) + (-22)/10. Let s = o - n. Give f(s).
11
Let j(u) = 7*u**3 - 6*u**2. Suppose 0 = 3*d - 5*d + 14. Let r(h) = -8*h**3 + 6*h**2 + 1. Let c(n) = d*j(n) + 6*r(n). Give c(6).
6
Let r(o) = o - 5. Suppose 13 = -4*f + 45. What is r(f)?
3
Let y = -8 - -12. Let w(p) = -p - p - y + 4 - 1. Let g be 0 + 1 + (0 - -2). Calculate w(g).
-7
Let k(j) be the third derivative of -j**4/12 + 14*j**2. Give k(1).
-2
Let b(u) = -2*u + u - 2*u. Let q be ((-38)/76)/(2/(-12)). Give b(q).
-9
Let a(k) = -k**3 + 5*k**2 + 1. Let b be a(5). Let p(c) = 4*c**2 - 5*c. Let s(q) = -q**2 + q. Let j(y) = p(y) + 6*s(y). Give j(b).
-1
Let d(y) = -5*y. Let s = 0 - -2. Let b be 2/(-2 + 3/s). Let i(h) = -6*h - 1. Let l(r) = b*d(r) + 3*i(r). Give l(5).
7
Let h(d) be the third derivative of d**4/24 + d**3/2 + d**2. Let f(r) = -r + 2. Let q be 3 + (-2 + 2 - -1). Let a be f(q). Give h(a).
1
Let w(c) = c - 2. Let d be w(4). Let p(u) = 5*u + 5 - 6 + 2*u + d*u. What is p(1)?
8
Let t(i) = -i**2 + 4*i + 2. Let a = -162 - -166. Determine t(a).
2
Let o(m) be the third derivative of m**5/120 + m**4/24 - 5*m**3/6 - 6*m**2. Let k(p) be the first derivative of o(p). Give k(0).
1
Let y = -11 + 10. Let o(k) = -k**2 + k. Let z(s) = s**2 - s - 1. Let v(j) = y*z(j) - 2*o(j). Determine v(1).
1
Let h be 10 + -5 - -2 - 1. Let x(k) = -k**2 + 11*k - 6. Determine x(h).
24
Let q(f) = f + 1. Let h(s) = -s**2 + 4*s - 2. Let c(g) = h(g) - q(g). Let u(p) = p - 11. Let m be u(5). Let t be m/(-21) - (-19)/7. What is c(t)?
-3
Let a(g) be the third derivative of g**6/120 + 7*g**5/60 + g**4/3 + 3*g**3/2 - g**2 + 78. Suppose -24 = -0*b + 4*b. Give a(b).
-3
Let c(f) = 4*f + 2. Let y(x) = -7*x - 3. Let s(v) = -5*c(v) - 3*y(v). Let w(a) = a**3 - 2*a**2 - a - 2. Let u be w(3). Determine s(u).
3
Let k = 5 + 1. Let s(c) = -2 - 1 + 2 + k*c. Calculate s(1).
5
Let d(a) = -a**3 + a**2 - 1. Let s(z) = 5*z**3 - 5*z**2 + 5*z + 3. Let r(p) = -6*d(p) - s(p). Let k = -7 + 10. Give r(k).
6
Let q(z) be the third derivative of -z**5/60 + z**4/6 + 2*z**3/3 - 4*z**2. Give q(3).
7
Let f(k) = -k + 1 - 6 - 2*k + 0. Give f(-6).
13
Suppose -7*t + 3*t + 40 = 0. Let z = t - 4. Let m(s) = -s. Determine m(z).
-6
Let k be ((-2)/(-1))/((-4)/(-10)). Let y = k - 8. Let b(o) = 7*o + 3. Let l(u) = -u. Let q(n) = b(n) + 6*l(n). Give q(y).
0
Suppose 3*k + 4 = -g - 1, 0 = 4*k + 2*g + 10. Let u(a) = a**3 - a - 1. Determine u(k).
-1
Let z be 2/(-2) + 14/(-7). Let a(